{"id":1557,"date":"2019-02-07T14:56:49","date_gmt":"2019-02-07T14:56:49","guid":{"rendered":"https:\/\/avadawebsites.wpengine.com\/galerie\/?page_id=2"},"modified":"2024-07-05T19:09:37","modified_gmt":"2024-07-05T17:09:37","slug":"sample-page","status":"publish","type":"page","link":"https:\/\/turpisz.be\/","title":{"rendered":"Galerie Home"},"content":{"rendered":"<p><div class=\"fusion-fullwidth fullwidth-box fusion-builder-row-1 fusion-flex-container has-pattern-background has-mask-background nonhundred-percent-fullwidth non-hundred-percent-height-scrolling fusion-no-medium-visibility fusion-no-large-visibility\" style=\"--awb-border-radius-top-left:0px;--awb-border-radius-top-right:0px;--awb-border-radius-bottom-right:0px;--awb-border-radius-bottom-left:0px;--awb-flex-wrap:wrap;\" ><div class=\"fusion-builder-row fusion-row fusion-flex-align-items-flex-start fusion-flex-content-wrap\" style=\"max-width:83.2%;margin-left: calc(-4% \/ 2 );margin-right: calc(-4% \/ 2 );\"><div class=\"fusion-layout-column fusion_builder_column fusion-builder-column-0 fusion_builder_column_1_1 1_1 fusion-flex-column fusion-flex-align-self-center\" style=\"--awb-bg-size:cover;--awb-width-large:100%;--awb-margin-top-large:20px;--awb-spacing-right-large:1.92%;--awb-margin-bottom-large:20px;--awb-spacing-left-large:1.92%;--awb-width-medium:100%;--awb-order-medium:0;--awb-spacing-right-medium:1.92%;--awb-spacing-left-medium:1.92%;--awb-width-small:100%;--awb-order-small:0;--awb-spacing-right-small:1.92%;--awb-spacing-left-small:1.92%;\" data-scroll-devices=\"small-visibility,medium-visibility,large-visibility\"><div class=\"fusion-column-wrapper fusion-column-has-shadow fusion-flex-justify-content-flex-start fusion-content-layout-column\">\n\t\t\t\t<p class=\"rs-p-wp-fix\"><\/p>\n\t\t\t\t<sr7-module data-alias=\"header-siteweb-1\" data-id=\"4\" id=\"SR7_4_1\" class=\"rs-ov-hidden\" data-version=\"6.7.14\">\n\t\t\t\t\t<sr7-adjuster><\/sr7-adjuster>\n\t\t\t\t\t<sr7-content>\n\t\t\t\t\t\t<sr7-slide id=\"SR7_4_1-13\" data-key=\"13\">\n\t\t\t\t\t\t\t<sr7-bg id=\"SR7_4_1-13-1\" class=\"sr7-layer\"><noscript><img class=\"lazyload\" decoding=\"async\" src=\"data:image\/svg+xml,%3Csvg%20xmlns%3D%27http%3A%2F%2Fwww.w3.org%2F2000%2Fsvg%27%20width%3D%272520%27%20height%3D%271464%27%20viewBox%3D%270%200%202520%201464%27%3E%3Crect%20width%3D%272520%27%20height%3D%271464%27%20fill-opacity%3D%220%22%2F%3E%3C%2Fsvg%3E\" data-orig-src=\"https:\/\/turpisz.be\/wp-content\/uploads\/2024\/05\/01-header-2520-x-1464.jpg\" alt=\"\" title=\"01-header-2520-x-1464\"><\/noscript><\/sr7-bg>\n\t\t\t\t\t\t<\/sr7-slide>\n\t\t\t\t\t\t<sr7-slide id=\"SR7_4_1-14\" data-key=\"14\">\n\t\t\t\t\t\t\t<h2 id=\"SR7_4_1-14-6\" class=\"sr7-layer\">Imre \nTurpisz<\/h2>\n\t\t\t\t\t\t\t<sr7-txt id=\"SR7_4_1-14-8\" class=\"sr7-layer\">PORTFOLIO<\/sr7-txt>\n\t\t\t\t\t\t<\/sr7-slide>\n\t\t\t\t\t<\/sr7-content>\n\t\t\t\t\t<image_lists style=\"display:none\">\n\t\t\t\t\t\t<img class=\"lazyload\" data-src=\"\/\/turpisz.be\/wp-content\/uploads\/2024\/05\/01-header-2520-x-1464.jpg\" data-libid=\"1649\" data-lib=\"medialibrary\" title=\"01-header-2520-x-1464\" width=\"0\" height=\"0\" data-dbsrc=\"Ly90dXJwaXN6LmJlL3dwLWNvbnRlbnQvdXBsb2Fkcy8yMDI0LzA1LzAxLWhlYWRlci0yNTIwLXgtMTQ2NC5qcGc=\"\/>\n\t\t\t\t\t<\/image_lists>\n\t\t\t\t<\/sr7-module>\n\t\t\t\t<script>\n\t\t\t\t\tSR7.PMH ??={}; SR7.PMH[\"SR7_4_1\"] = {cn:0,state:false,fn: function() { if (_tpt!==undefined && _tpt.prepareModuleHeight !== undefined) {  _tpt.prepareModuleHeight({id:\"SR7_4_1\",el:[730,730,768,960,720],type:'standard',shdw:'0',gh:[730,730,593,451,278],gw:[1260,1260,1024,778,480],vpt:['100px'],size:{fullWidth:false, fullHeight:false},mh:'0',onh:0,onw:0,bg:{color:'{\"orig\":\"transparent\",\"type\":\"solid\",\"string\":\"transparent\"}'},plType:'2',plColor:'#181818'});   SR7.PMH[\"SR7_4_1\"].state=true;} else if((SR7.PMH[\"SR7_4_1\"].cn++)<100)\tsetTimeout( SR7.PMH[\"SR7_4_1\"].fn,19);}};SR7.PMH[\"SR7_4_1\" ].fn();\n\t\t\t\t<\/script>\n<\/div><\/div><\/div><\/div><div class=\"fusion-fullwidth fullwidth-box fusion-builder-row-2 fusion-flex-container has-pattern-background has-mask-background fusion-parallax-none nonhundred-percent-fullwidth non-hundred-percent-height-scrolling fusion-no-small-visibility lazyload\" style=\"--awb-background-position:center top;--awb-border-radius-top-left:0px;--awb-border-radius-top-right:0px;--awb-border-radius-bottom-right:0px;--awb-border-radius-bottom-left:0px;--awb-background-image:linear-gradient(180deg, var(--awb-color1) 42%,var(--awb-color2) 42%);;--awb-background-size:cover;--awb-flex-wrap:wrap;--awb-flex-wrap-small:wrap;\" data-bg=\"https:\/\/turpisz.be\/wp-content\/uploads\/2019\/03\/grey-header-bg.png\" data-bg-gradient=\"linear-gradient(180deg, var(--awb-color1) 42%,var(--awb-color2) 42%)\" ><div class=\"fusion-builder-row fusion-row fusion-flex-align-items-flex-start fusion-flex-content-wrap\" style=\"max-width:calc( 80% + 0px );margin-left: calc(-0px \/ 2 );margin-right: calc(-0px \/ 2 );\"><div class=\"fusion-layout-column fusion_builder_column fusion-builder-column-1 fusion_builder_column_1_1 1_1 fusion-flex-column\" style=\"--awb-bg-blend:overlay;--awb-bg-size:cover;--awb-width-large:100%;--awb-margin-top-large:0px;--awb-spacing-right-large:0px;--awb-margin-bottom-large:20px;--awb-spacing-left-large:0px;--awb-width-medium:100%;--awb-order-medium:0;--awb-spacing-right-medium:0px;--awb-spacing-left-medium:0px;--awb-width-small:100%;--awb-order-small:0;--awb-spacing-right-small:0px;--awb-spacing-left-small:0px;\" data-scroll-devices=\"small-visibility,medium-visibility,large-visibility\"><div class=\"fusion-column-wrapper fusion-column-has-shadow fusion-flex-justify-content-flex-start fusion-content-layout-column\">\n\t\t\t\t<p class=\"rs-p-wp-fix\"><\/p>\n\t\t\t\t<sr7-module data-alias=\"galerie-home-1\" data-id=\"3\" id=\"SR7_3_2\" class=\"rs-ov-hidden\" data-version=\"6.7.14\">\n\t\t\t\t\t<sr7-adjuster><\/sr7-adjuster>\n\t\t\t\t\t<sr7-content>\n\t\t\t\t\t\t<sr7-slide id=\"SR7_3_2-9\" data-key=\"9\">\n\t\t\t\t\t\t\t<sr7-bg id=\"SR7_3_2-9-1\" class=\"sr7-layer\"><noscript><img class=\"lazyload\" decoding=\"async\" src=\"data:image\/svg+xml,%3Csvg%20xmlns%3D%27http%3A%2F%2Fwww.w3.org%2F2000%2Fsvg%27%20width%3D%272520%27%20height%3D%271464%27%20viewBox%3D%270%200%202520%201464%27%3E%3Crect%20width%3D%272520%27%20height%3D%271464%27%20fill-opacity%3D%220%22%2F%3E%3C%2Fsvg%3E\" data-orig-src=\"https:\/\/turpisz.be\/wp-content\/uploads\/2024\/05\/01-header-2520-x-1464.jpg\" alt=\"\" title=\"01-header-2520-x-1464\"><\/noscript><\/sr7-bg>\n\t\t\t\t\t\t<\/sr7-slide>\n\t\t\t\t\t\t<sr7-slide id=\"SR7_3_2-12\" data-key=\"12\">\n\t\t\t\t\t\t\t<h1 id=\"SR7_3_2-12-6\" class=\"sr7-layer\">Imre <br \/>\nTurpisz<\/h1>\n\t\t\t\t\t\t\t<sr7-txt id=\"SR7_3_2-12-8\" class=\"sr7-layer\">PORTFOLIO<\/sr7-txt>\n\t\t\t\t\t\t<\/sr7-slide>\n\t\t\t\t\t<\/sr7-content>\n\t\t\t\t\t<image_lists style=\"display:none\">\n\t\t\t\t\t\t<img class=\"lazyload\" data-src=\"\/\/turpisz.be\/wp-content\/uploads\/2024\/05\/01-header-2520-x-1464.jpg\" data-libid=\"1649\" data-lib=\"medialibrary\" title=\"01-header-2520-x-1464\" width=\"0\" height=\"0\" data-dbsrc=\"Ly90dXJwaXN6LmJlL3dwLWNvbnRlbnQvdXBsb2Fkcy8yMDI0LzA1LzAxLWhlYWRlci0yNTIwLXgtMTQ2NC5qcGc=\"\/>\n\t\t\t\t\t<\/image_lists>\n\t\t\t\t<\/sr7-module>\n\t\t\t\t<script>\n\t\t\t\t\tSR7.PMH ??={}; SR7.PMH[\"SR7_3_2\"] = {cn:0,state:false,fn: function() { if (_tpt!==undefined && _tpt.prepareModuleHeight !== undefined) {  _tpt.prepareModuleHeight({id:\"SR7_3_2\",el:[730,730,768,960,720],type:'standard',shdw:'0',gh:[730,730,593,451,278],gw:[1260,1260,1024,778,480],vpt:['100px'],size:{fullWidth:false, fullHeight:false},mh:'0',onh:0,onw:0,bg:{color:'{\"orig\":\"transparent\",\"type\":\"solid\",\"string\":\"transparent\"}'},plType:'2',plColor:'#181818'});   SR7.PMH[\"SR7_3_2\"].state=true;} else if((SR7.PMH[\"SR7_3_2\"].cn++)<100)\tsetTimeout( SR7.PMH[\"SR7_3_2\"].fn,19);}};SR7.PMH[\"SR7_3_2\" ].fn();\n\t\t\t\t<\/script>\n<\/div><\/div><\/div><\/div><div class=\"fusion-fullwidth fullwidth-box fusion-builder-row-3 fusion-flex-container has-pattern-background has-mask-background nonhundred-percent-fullwidth non-hundred-percent-height-scrolling\" style=\"--awb-background-position:left top;--awb-border-radius-top-left:0px;--awb-border-radius-top-right:0px;--awb-border-radius-bottom-right:0px;--awb-border-radius-bottom-left:0px;--awb-padding-top:2%;--awb-padding-bottom:2%;--awb-padding-top-medium:80px;--awb-padding-bottom-medium:40px;--awb-padding-top-small:32px;--awb-background-image:linear-gradient(174deg, var(--awb-color2) 52%,var(--awb-color1) 52%);--awb-flex-wrap:wrap;\" ><div class=\"fusion-builder-row fusion-row fusion-flex-align-items-stretch fusion-flex-content-wrap\" style=\"max-width:83.2%;margin-left: calc(-4% \/ 2 );margin-right: calc(-4% \/ 2 );\"><div class=\"fusion-layout-column fusion_builder_column fusion-builder-column-2 fusion_builder_column_1_2 1_2 fusion-flex-column\" style=\"--awb-padding-top:20%;--awb-bg-position:center center;--awb-bg-blend:overlay;--awb-bg-size:cover;--awb-box-shadow:0px 20px 50px 0px hsla(var(--awb-color8-h),var(--awb-color8-s),calc( var(--awb-color8-l) - 9% ),calc( var(--awb-color8-a) - 94% ));;--awb-border-color:var(--awb-color1);--awb-border-top:30px;--awb-border-right:30px;--awb-border-bottom:30px;--awb-border-left:30px;--awb-border-style:solid;--awb-width-large:50%;--awb-margin-top-large:20px;--awb-spacing-right-large:9.6%;--awb-margin-bottom-large:20px;--awb-spacing-left-large:3.84%;--awb-width-medium:100%;--awb-order-medium:0;--awb-spacing-right-medium:1.92%;--awb-spacing-left-medium:1.92%;--awb-width-small:100%;--awb-order-small:0;--awb-spacing-right-small:1.92%;--awb-spacing-left-small:1.92%;\" data-scroll-devices=\"small-visibility,medium-visibility,large-visibility\"><div class=\"fusion-column-wrapper lazyload fusion-column-has-shadow fusion-flex-justify-content-flex-start fusion-content-layout-column fusion-column-has-bg-image\" data-bg-url=\"https:\/\/turpisz.be\/wp-content\/uploads\/2019\/03\/ITU7991.jpg\" data-bg=\"https:\/\/turpisz.be\/wp-content\/uploads\/2019\/03\/ITU7991.jpg\"><div class=\"fusion-separator fusion-full-width-sep\" style=\"align-self: center;margin-left: auto;margin-right: auto;margin-top:150px;margin-bottom:150px;width:100%;\"><\/div><\/div><\/div><div class=\"fusion-layout-column fusion_builder_column fusion-builder-column-3 fusion_builder_column_1_2 1_2 fusion-flex-column fusion-animated\" style=\"--awb-bg-blend:overlay;--awb-bg-size:cover;--awb-width-large:50%;--awb-margin-top-large:20px;--awb-spacing-right-large:3.84%;--awb-margin-bottom-large:20px;--awb-spacing-left-large:9.6%;--awb-width-medium:100%;--awb-spacing-right-medium:1.92%;--awb-spacing-left-medium:1.92%;--awb-width-small:100%;--awb-spacing-right-small:1.92%;--awb-spacing-left-small:1.92%;\" data-animationType=\"fadeInDown\" data-animationDuration=\"0.8\" data-animationOffset=\"top-into-view\"><div class=\"fusion-column-wrapper fusion-column-has-shadow fusion-flex-justify-content-center fusion-content-layout-column\"><div class=\"fusion-separator\" style=\"align-self: flex-start;margin-right:auto;margin-top:8px;width:100%;max-width:32px;\"><div class=\"fusion-separator-border sep-single sep-solid\" style=\"--awb-height:20px;--awb-amount:20px;--awb-sep-color:var(--awb-color8);border-color:var(--awb-color8);border-top-width:2px;\"><\/div><\/div><div class=\"fusion-title title fusion-title-1 fusion-sep-none fusion-title-text fusion-title-size-two\" style=\"--awb-margin-top:27px;--awb-margin-bottom:20px;--awb-margin-top-small:10px;\"><h2 class=\"fusion-title-heading title-heading-left fusion-responsive-typography-calculated\" style=\"margin:0;--fontSize:72;line-height:1.28;\"><strong>\u0152uvres et Th\u00e8mes<\/strong><\/h2><\/div><div class=\"fusion-text fusion-text-1\"><div><span class=\"gmail-texteditor-inline-fontsize\">Je propose des peintures qui offrent place \u00e0 l\u2019imaginaire, au voyage dans l\u2019inconnu,\u00a0<\/span><span class=\"gmail-texteditor-inline-fontsize\">\u00e0 l\u2019exploration des possibles. Mon travail se veut r\u00e9solument abstrait. Cheminant entre anima et animus, j\u2019y laisse le non visible, la face sous-jacente prendre forme et ouvrir un seuil o\u00f9 appara\u00eet une empreinte.<\/span><\/div>\n<div><\/div>\n<div><span class=\"gmail-texteditor-inline-fontsize\">Mon travail est singulier par ma volont\u00e9 de ne m\u2019installer dans aucun style, de ne proposer aucune figure descriptive ou r\u00e9aliste. J\u2019invite ceux qui regardent \u00e0 s\u2019aventurer dans l\u2019\u0153uvre, \u00e0 s\u2019y immerger, \u00e0 s\u2019y perdre ou \u00e0 s\u2019y trouver.<\/span><\/div>\n<div><\/div>\n<div><span class=\"gmail-texteditor-inline-fontsize\">Alors, habit\u00e9s de leur propre vision du monde, ils\/elles go\u00fbteront une part de leur r\u00eave, verront \u00e9clore l\u2019image de leur cheminement personnel.<\/span><\/div>\n<div><span class=\"gmail-texteditor-inline-fontsize\">L\u2019\u0153uvre ouvre au questionnement intime, propose de sortir du cadre. Elle ou il qui regarde et accepte l\u2019immersion dans l\u2019inconnu, pourra se voir marcher sur un fil invisible, entrer pour y danser dans un monde parall\u00e8le.<\/span><\/div>\n<\/div><div class=\"fusion-separator fusion-full-width-sep\" style=\"align-self: center;margin-left: auto;margin-right: auto;margin-top:15px;width:100%;\"><\/div><\/div><\/div><\/div><\/div><\/p>\n","protected":false},"excerpt":{"rendered":"","protected":false},"author":2,"featured_media":0,"parent":0,"menu_order":0,"comment_status":"closed","ping_status":"open","template":"100-width.php","meta":{"footnotes":""},"class_list":["post-1557","page","type-page","status-publish","hentry"],"_links":{"self":[{"href":"https:\/\/turpisz.be\/index.php\/wp-json\/wp\/v2\/pages\/1557","targetHints":{"allow":["GET"]}}],"collection":[{"href":"https:\/\/turpisz.be\/index.php\/wp-json\/wp\/v2\/pages"}],"about":[{"href":"https:\/\/turpisz.be\/index.php\/wp-json\/wp\/v2\/types\/page"}],"author":[{"embeddable":true,"href":"https:\/\/turpisz.be\/index.php\/wp-json\/wp\/v2\/users\/2"}],"replies":[{"embeddable":true,"href":"https:\/\/turpisz.be\/index.php\/wp-json\/wp\/v2\/comments?post=1557"}],"version-history":[{"count":24,"href":"https:\/\/turpisz.be\/index.php\/wp-json\/wp\/v2\/pages\/1557\/revisions"}],"predecessor-version":[{"id":1935,"href":"https:\/\/turpisz.be\/index.php\/wp-json\/wp\/v2\/pages\/1557\/revisions\/1935"}],"wp:attachment":[{"href":"https:\/\/turpisz.be\/index.php\/wp-json\/wp\/v2\/media?parent=1557"}],"curies":[{"name":"wp","href":"https:\/\/api.w.org\/{rel}","templated":true}]}}